.
153
Let b = 26 - 29. Let j be -1*(5 + b/(-2 - -3)). Let r be 3/(j + (-415)/(-200)). Calculate the greatest common divisor of r and 5.
5
Suppose -57996 = 3*q - 21*q. Calculate the highest common divisor of 72 and q.
18
Let l be 1*4 - (-1801 - 184). What is the highest common factor of l and 351?
117
Let g(r) = -r**3 - 32*r**2 - 194*r - 33. Let a be g(-24). Calculate the highest common divisor of 342 and a.
3
Suppose 0 = -2101*j + 2093*j + 144. What is the greatest common factor of 54 and j?
18
Let c(h) = -h + 12. Let i be c(7). Suppose i*l + 2*n = -15, 4*l + 12 = -n + 3. Let v be 1/2 + l - 34/(-4). Calculate the greatest common divisor of v and 8.
8
Suppose -21767 = -4*y + 5*j, -4*y + j - 9767 = -31554. Calculate the highest common factor of y and 48.
24
Suppose -18*c + 64 = x - 14*c, 4*c + 96 = x. What is the highest common divisor of x and 128?
16
Let a(b) = -31*b + 171. Let k be a(17). Let u = k - -499. What is the highest common factor of 44 and u?
11
Suppose s + 3*m = 54, -2*m - 87 = -5*s + 183. Calculate the highest common divisor of 36 and s.
18
Suppose 137862 = -179*j + 317*j. What is the greatest common divisor of 444 and j?
111
Let w be 46 + -2 + (-8 - 0) + 408/68. What is the greatest common divisor of 10 and w?
2
Suppose 5*t - 20437 = -303*i + 305*i, 3*i + 8166 = 2*t. What is the highest common factor of 174 and t?
87
Let q(r) = 10*r + 145. Let w be q(-14). Suppose -w*x - 213 = -d, 8*d + 351 = 10*d + 5*x. What is the highest common divisor of 4 and d?
4
Suppose -476*h + 477*h + 2*m - 6949 = 0, 21 = -3*m. What is the greatest common divisor of h and 55?
11
Let t(o) = -o**3 - 5*o**2 - 3*o - 2. Let z be t(-4). Let d be (-4)/z - 224/(-24). Let y = -47 + 157. What is the greatest common divisor of d and y?
10
Let x be 14/(-6)*(-16)/(-280)*-15 - -9332. What is the greatest common divisor of 52 and x?
26
Let n(w) = 4*w**2 - 44*w + 294. Let b be n(17). What is the greatest common factor of b and 208?
26
Let c(k) = k**3 + 6*k**2 - 99*k - 65. Let n be c(-13). Calculate the greatest common factor of 962 and n.
13
Let z be ((-36)/(-8))/(2/(-8)). Let u = 16 + z. Let f be 100/(1 - (u + 1)). Calculate the greatest common factor of f and 125.
25
Let u be ((-3)/(-5))/(41/38130). Let q = u + -90. Calculate the greatest common divisor of 36 and q.
36
Suppose -2*z = f - 103, 4*f = 5*f - 5. Suppose -7*q - 5*j = -10*q + 136, z = q + 2*j. What is the highest common divisor of q and 658?
47
Suppose 2*d = 11*d - 117. Suppose d*k + 13*k = 5304. Calculate the greatest common factor of k and 36.
12
Suppose 2*t - 40 = -3*i, 87*t = -2*i + 89*t + 50. Let b = 32 + -23. What is the highest common divisor of b and i?
9
Suppose -114 = f - 6*f - 2*a, 0 = -3*f - a + 68. Suppose 0 = j - 31 + f. What is the greatest common divisor of 288 and j?
9
Let c be 916/4 + (-2)/16 + (-1640)/(-320). What is the highest common factor of c and 2652?
78
Suppose -29758 + 245314 = 213*n. What is the greatest common factor of 1357 and n?
23
Suppose 9*g + 1517 = 25781. What is the greatest common divisor of g and 3707?
337
Let u(q) = -q**2 + 53*q + 301. Let y be u(56). Calculate the highest common divisor of 1 and y.
1
Let b = -27 + 27. Suppose -4*m = r - 24, -m - 1 + 4 = b. Let l(a) = 83*a**2 + a. Let h be l(1). What is the highest common divisor of r and h?
12
Suppose -3*x = 5*l - 3194, 0 = l - 2*x - 511 - 133. What is the greatest common factor of l and 2048?
128
Let t(a) = 292*a - 867. Let i be t(3). Calculate the greatest common factor of i and 1998.
9
Let y be 347/3 - (-2)/6. Let n = y - 113. Suppose 0 = -2*c + n*s + 48, 4*s - 3*s + 44 = 2*c. Calculate the greatest common factor of 189 and c.
21
Suppose 4*g - 4*p = 736, -p - 439 - 306 = -4*g. Calculate the highest common divisor of g and 33.
11
Let a be 2/(-3)*36/(-8). Suppose a*y = 15, 2*r + y + 12 = 5*y. Suppose -p - 2*j + 4*j = -8, 0 = 4*p - r*j - 48. What is the greatest common factor of p and 32?
16
Let i = 1122 + -307. Suppose 319 = 7*a - i. Suppose 18 = v - 0*v. Calculate the highest common divisor of a and v.
18
Let y be (5 - (-55)/(-10))/(2/(-60)). Let s be (-116)/(-6) - y/45. Let n = -1 + 20. Calculate the greatest common divisor of n and s.
19
Let h = 188 + -152. Calculate the greatest common factor of 2136 and h.
12
Let p = 15264 + -15262. Calculate the highest common divisor of 706 and p.
2
Let p = -1176 - -1182. What is the greatest common factor of p and 42?
6
Let o(d) = -d**2 + 12*d - 2. Suppose 0 = -4*p - 5*h + 50, 5*p - 3*p - 2*h = 16. Let x be o(p). Calculate the greatest common divisor of 306 and x.
18
Let z = 28 + -53. Let g = -9 - z. Let k(u) = 3*u**2 - 2*u + 3. Let s be k(3). Calculate the highest common divisor of g and s.
8
Let m be (5/(-40)*-10)/((-71)/(-44588)). What is the highest common divisor of m and 100?
5
Suppose -2*r = v + 299 - 346, 0 = -5*r + 2*v + 122. Calculate the highest common factor of 1578 and r.
6
Let r = 41 - 39. Suppose -4 = -3*n + 4*b, 5*b - r*b = 6. Suppose 2*o - 26 = -z + 7, -n*z = -3*o + 66. Calculate the highest common divisor of 9 and o.
9
Suppose 8*r + 390 = 1302. Suppose -113*c - 20 = -r*c. Suppose -4*h = -40 - 360. What is the highest common divisor of h and c?
20
Let k = 12 - 6. Let r(x) = -x**2 - 26*x + 48. Suppose t - 98 = 4*a - 2*t, -5*a - 4*t = 138. Let u be r(a). Calculate the greatest common divisor of u and k.
6
Let m(p) = -p**2 + 15*p. Let v be 1 + 11 + 6/(-1 + 3). Let s be m(v). Suppose 10*b - 12 + 2 = s. What is the greatest common divisor of 2 and b?
1
Let h(w) = -8*w + 63. Let s be h(-9). Let f be -20*(-2 + 3 + (-20)/16). Calculate the highest common factor of f and s.
5
Let b = -56 + 59. Suppose -2*p = -4*p + b*t + 10, -12 = 3*t. Let q be 2/2 + p + 121. Calculate the greatest common factor of q and 11.
11
Suppose 28*m - 1112 = 34932 + 71756. What is the highest common divisor of m and 4200?
350
Suppose -619*m = -615*m + d - 142, 3*d = 6. Let a(p) = -p**3 - 4*p**2 + 8*p - 7. Let o be a(-7). What is the highest common divisor of m and o?
7
Suppose -d - 33 - 20 = 0. Let o = d + 56. Let n = -57 + 69. Calculate the highest common factor of o and n.
3
Suppose -2*k = -4*m + 72, 5*m + 810*k = 808*k + 117. Suppose 3*t - 112 = t. Calculate the highest common divisor of t and m.
7
Let v be (-34 - 1)*8/(-7). Suppose -7*o + 11*o = 280. Calculate the greatest common factor of v and o.
10
Let w be (-2)/4*-2*(-29 + 452). Let l = -417 + w. Calculate the greatest common factor of 204 and l.
6
Suppose -d - 16 + 19 = 0. Suppose 6*r + d*r = 756. Suppose 4*q - 4*a - 81 = -a, -3*q - 3*a + 87 = 0. Calculate the greatest common divisor of r and q.
12
Let q(c) = c**2 + 49*c - 884. Let u be q(-66). What is the greatest common factor of 154 and u?
14
Suppose 3*z - k = 394, 2*z - 23*k + 20*k = 258. Calculate the greatest common divisor of 44 and z.
44
Let d be ((-1)/5 - (-10)/(-75))*(-33 + 21). Calculate the greatest common factor of 1884 and d.
4
Let y = -27 + 36. Suppose 0 = d + 2*c - 22, -13*d + y*d + 36 = -5*c. What is the greatest common divisor of 98 and d?
14
Suppose 421*f = -4*w + 423*f + 354, -f = 5*w - 439. What is the greatest common factor of 320 and w?
8
Let m = 365 - 138. Suppose 2*q - 464 = 2*o, -m = 4*q - 5*q - 4*o. Calculate the greatest common factor of q and 42.
21
Let f = 3889 - 3793. Calculate the highest common divisor of f and 2016.
96
Let n = -41 + 55. Suppose -4*j + 3*u + n = 0, -11*j + 8 = -9*j - u. What is the greatest common divisor of 45 and j?
5
Let c be (-12)/(-18) + (-30)/(-9). Suppose -4*k = c, 13 = 2*f - 5*k - 10. Calculate the highest common divisor of f and 99.
9
Let g be 472*32/1024*(0 + 788). What is the greatest common factor of 59 and g?
59
Suppose 230 = 49*u - 54*u. Let o = u - -49. Suppose z - 2*r = 2*r + 36, 2*z = -o*r + 28. What is the greatest common factor of 180 and z?
20
Let l(g) = -42*g - 2. Let q be -2 - 1*2/(-2). Let v be l(q). Suppose -8*b + v = -24. Calculate the greatest common divisor of b and 32.
8
Let f = -536 + 492. Let d be 1598/(-136)*(f + -1 - -1). What is the greatest common divisor of 47 and d?
47
Let f(s) = 255*s + 500. Let d be f(3). What is the greatest common divisor of d and 69?
23
Let l = -1499 - -6215. What is the greatest common divisor of l and 12?
12
Suppose 29*d = 15*d + 364. Let n(i) = i**2 - 25*i + 94. Let f be